{"id":472,"date":"2017-06-22T08:33:31","date_gmt":"2017-06-22T08:33:31","guid":{"rendered":"http:\/\/www.sylvie-progin.ch\/?page_id=472"},"modified":"2019-02-04T13:58:52","modified_gmt":"2019-02-04T13:58:52","slug":"pimentes","status":"publish","type":"page","link":"https:\/\/www.sylvie-progin.ch\/?page_id=472","title":{"rendered":"Actualit\u00e9"},"content":{"rendered":"<p>[<style type='text\/css' media='all'>#rt-tpg-container-1106987610 .rt-holder .rt-woo-info .price{color:#0367bf;}body .rt-tpg-container .rt-tpg-isotope-buttons .selected, \r\n\t\t\t\t\t\t#rt-tpg-container-1106987610 .layout12 .rt-holder:hover .rt-detail, \r\n\t\t\t\t\t\t#rt-tpg-container-1106987610 .isotope8 .rt-holder:hover .rt-detail, \r\n\t\t\t\t\t\t#rt-tpg-container-1106987610 .carousel8 .rt-holder:hover .rt-detail,\r\n\t\t\t\t        #rt-tpg-container-1106987610 .layout13 .rt-holder .overlay .post-info, \r\n\t\t\t\t        #rt-tpg-container-1106987610 .isotope9 .rt-holder .overlay .post-info, \r\n\t\t\t\t        #rt-tpg-container-1106987610.rt-tpg-container .layout4 .rt-holder .rt-detail,\r\n\t\t\t\t        .rt-modal-1106987610 .md-content, \r\n\t\t\t\t        .rt-modal-1106987610 .md-content > .rt-md-content-holder .rt-md-content, \r\n\t\t\t\t        .rt-popup-wrap-1106987610.rt-popup-wrap .rt-popup-navigation-wrap, \r\n\t\t\t\t        #rt-tpg-container-1106987610 .carousel9 .rt-holder .overlay .post-info{background-color:#0367bf;}#rt-tpg-container-1106987610 .rt-detail i,\r\n                        #rt-tpg-container-1106987610 .rt-detail .post-meta-user a,\r\n                        #rt-tpg-container-1106987610 .rt-detail .post-meta-category a{color:#0367bf;}#rt-tpg-container-1106987610 .layout5 .rt-holder .overlay, #rt-tpg-container-1106987610 .isotope2 .rt-holder .overlay, #rt-tpg-container-1106987610 .carousel2 .rt-holder .overlay,#rt-tpg-container-1106987610 .layout15 .rt-holder h3, #rt-tpg-container-1106987610 .isotope11 .rt-holder h3, #rt-tpg-container-1106987610 .carousel11 .rt-holder h3, #rt-tpg-container-1106987610 .layout16 .rt-holder h3,\r\n\t\t\t\t\t#rt-tpg-container-1106987610 .isotope12 .rt-holder h3, #rt-tpg-container-1106987610 .carousel12 .rt-holder h3 {background-color:rgba(3,103,191,0.8);}#rt-tpg-container-1106987610 .read-more a{border-radius:px;}<\/style><div class='rt-container-fluid rt-tpg-container ' id='rt-tpg-container-1106987610'   data-layout='layout1' data-desktop-col='3'  data-tab-col='2'  data-mobile-col='1' data-sc-id='715'><div data-title='Loading ...' class='rt-row rt-content-loader layout1 tpg-even '><div class=\"rt-col-md-4 rt-col-sm-6 rt-col-xs-12 rt-equal-height even-grid-item rt-grid-item\" data-id=\"727\"><div class=\"rt-holder\"><div class='rt-detail'><h3 class='entry-title'><a data-id='727' class='' href='https:\/\/www.sylvie-progin.ch\/?p=727'>Le Web a 30 ans<\/a><\/h3><div class='post-meta-user'><span class='author'><i class='fa fa-user'><\/i><a href=\"https:\/\/www.sylvie-progin.ch\/?author=1\">sylvie_o5il4y5l<\/a><\/span><span class='date'><i class='far fa-calendar-alt'><\/i>12 mars 2019<\/span><span class='categories-links'><i class='fas fa-folder-open'><\/i><a href=\"https:\/\/www.sylvie-progin.ch\/?cat=1\" rel=\"tag\">Actualit\u00e9<\/a><\/span><span class=\"comment-count\"><i class=\"fas fa-comments\"><\/i> <a href='https:\/\/www.sylvie-progin.ch\/?p=727#respond'>0 <\/a><\/span><\/div><div class='tpg-excerpt'>Aujourd\u2019hui nous f\u00eatons le 30\u00e8me anniversaire du web, et le web a compl\u00e8tement chang\u00e9 notre vie. Que ce soit pour s\u2019informer, pour faire des achats ou ses devoirs, pour discuter, \u00e9changer ou pour regarder des vid\u00e9os de b\u00e9b\u00e9s pandas&nbsp;\ud83d\ude09&nbsp;, on ne peut plus s\u2019en passer. M\u00eame mon m\u00e9decin l\u2019autre jour m\u2019a conseill\u00e9 de chercher sur  ...<\/div><div class='post-meta '><span class='read-more'><a data-id='727' class='' href='https:\/\/www.sylvie-progin.ch\/?p=727'>Read More<\/a><\/span><\/div><\/div><\/div><\/div><div class=\"rt-col-md-4 rt-col-sm-6 rt-col-xs-12 rt-equal-height even-grid-item rt-grid-item\" data-id=\"679\"><div class=\"rt-holder\"><div class=\"rt-img-holder\"><a data-id=\"679\" class=\"\" href=\"https:\/\/www.sylvie-progin.ch\/?p=679\"><img width=\"150\" height=\"150\" src=\"https:\/\/www.sylvie-progin.ch\/wp-content\/uploads\/2018\/11\/Debat-150x150.jpg\" class=\"rt-img-responsive\" alt=\"\" loading=\"lazy\" \/><\/a><\/div><div class='rt-detail'><h3 class='entry-title'><a data-id='679' class='' href='https:\/\/www.sylvie-progin.ch\/?p=679'>L\u2019UDC fait feu de tout bois<\/a><\/h3><div class='post-meta-user'><span class='author'><i class='fa fa-user'><\/i><a href=\"https:\/\/www.sylvie-progin.ch\/?author=1\">sylvie_o5il4y5l<\/a><\/span><span class='date'><i class='far fa-calendar-alt'><\/i>12 novembre 2018<\/span><span class='categories-links'><i class='fas fa-folder-open'><\/i><a href=\"https:\/\/www.sylvie-progin.ch\/?cat=1\" rel=\"tag\">Actualit\u00e9<\/a><\/span><span class=\"comment-count\"><i class=\"fas fa-comments\"><\/i> <a href='https:\/\/www.sylvie-progin.ch\/?p=679#respond'>0 <\/a><\/span><\/div><div class='tpg-excerpt'>L\u2019UDC ne supporte plus que ses initiatives, accept\u00e9es par le peuple, soient mises en \u0153uvre en tenant compte des trait\u00e9s internationaux que la Suisse a sign\u00e9s, comme par exemple l\u2019accord sur la libre circulation des personnes conclu avec l\u2019Union europ\u00e9enne. Alors, elle nous concocte une nouvelle initiative qui obligerait le parlement \u00e0 mettre rigoureusement ses  ...<\/div><div class='post-meta '><span class='read-more'><a data-id='679' class='' href='https:\/\/www.sylvie-progin.ch\/?p=679'>Read More<\/a><\/span><\/div><\/div><\/div><\/div><div class=\"rt-col-md-4 rt-col-sm-6 rt-col-xs-12 rt-equal-height even-grid-item rt-grid-item\" data-id=\"420\"><div class=\"rt-holder\"><div class=\"rt-img-holder\"><a data-id=\"420\" class=\"\" href=\"https:\/\/www.sylvie-progin.ch\/?p=420\"><img width=\"150\" height=\"150\" src=\"https:\/\/www.sylvie-progin.ch\/wp-content\/uploads\/2017\/04\/Reflexion24Heures24_04_17-150x150.jpg\" class=\"rt-img-responsive\" alt=\"\" loading=\"lazy\" srcset=\"https:\/\/www.sylvie-progin.ch\/wp-content\/uploads\/2017\/04\/Reflexion24Heures24_04_17-150x150.jpg 150w, https:\/\/www.sylvie-progin.ch\/wp-content\/uploads\/2017\/04\/Reflexion24Heures24_04_17-540x540.jpg 540w\" sizes=\"(max-width: 150px) 100vw, 150px\" \/><\/a><\/div><div class='rt-detail'><h3 class='entry-title'><a data-id='420' class='' href='https:\/\/www.sylvie-progin.ch\/?p=420'>Cr\u00e9er des ponts de musique entre les \u00e9coles<\/a><\/h3><div class='post-meta-user'><span class='author'><i class='fa fa-user'><\/i><a href=\"https:\/\/www.sylvie-progin.ch\/?author=1\">sylvie_o5il4y5l<\/a><\/span><span class='date'><i class='far fa-calendar-alt'><\/i>24 avril 2017<\/span><span class='categories-links'><i class='fas fa-folder-open'><\/i><a href=\"https:\/\/www.sylvie-progin.ch\/?cat=1\" rel=\"tag\">Actualit\u00e9<\/a><\/span><span class=\"comment-count\"><i class=\"fas fa-comments\"><\/i> <a href='https:\/\/www.sylvie-progin.ch\/?p=420#respond'>0 <\/a><\/span><\/div><div class='tpg-excerpt'>&nbsp; On a beaucoup parl\u00e9, en fin d\u2019ann\u00e9e derni\u00e8re, de la contribution de l\u2019Etat et des communes \u00e0 la Fondation pour l\u2019enseignement de la musique, contribution que le Grand Conseil n\u2019a pas souhait\u00e9 augmenter pour 2017 malgr\u00e9 les accords initialement pr\u00e9vus. Au-del\u00e0 des consid\u00e9rations politico-financi\u00e8res qui ont conduit \u00e0 cette d\u00e9cision, il est important de  ...<\/div><div class='post-meta '><span class='read-more'><a data-id='420' class='' href='https:\/\/www.sylvie-progin.ch\/?p=420'>Read More<\/a><\/span><\/div><\/div><\/div><\/div><div class=\"rt-col-md-4 rt-col-sm-6 rt-col-xs-12 rt-equal-height even-grid-item rt-grid-item\" data-id=\"416\"><div class=\"rt-holder\"><div class=\"rt-img-holder\"><a data-id=\"416\" class=\"\" href=\"https:\/\/www.sylvie-progin.ch\/?p=416\"><img width=\"150\" height=\"150\" src=\"https:\/\/www.sylvie-progin.ch\/wp-content\/uploads\/2017\/04\/tablerondeImage-150x150.jpg\" class=\"rt-img-responsive\" alt=\"\" loading=\"lazy\" \/><\/a><\/div><div class='rt-detail'><h3 class='entry-title'><a data-id='416' class='' href='https:\/\/www.sylvie-progin.ch\/?p=416'>Table ronde sur le capital culturel<\/a><\/h3><div class='post-meta-user'><span class='author'><i class='fa fa-user'><\/i><a href=\"https:\/\/www.sylvie-progin.ch\/?author=1\">sylvie_o5il4y5l<\/a><\/span><span class='date'><i class='far fa-calendar-alt'><\/i>7 avril 2017<\/span><span class='categories-links'><i class='fas fa-folder-open'><\/i><a href=\"https:\/\/www.sylvie-progin.ch\/?cat=1\" rel=\"tag\">Actualit\u00e9<\/a><\/span><span class=\"comment-count\"><i class=\"fas fa-comments\"><\/i> <a href='https:\/\/www.sylvie-progin.ch\/?p=416#respond'>0 <\/a><\/span><\/div><div class='tpg-excerpt'>Hier s&rsquo;est tenue la table ronde sur la culture dans le Nord vaudois. Les interventions ont \u00e9t\u00e9 riches, tant du c\u00f4t\u00e9 des acteurs culturels de notre r\u00e9gion, que des candidats au Grand Conseil. Ce qu&rsquo;il faut en retenir ? Que les attentes sont encore nombreuses et que la culture est indispensable au bien vivre ensemble.  ...<\/div><div class='post-meta '><span class='read-more'><a data-id='416' class='' href='https:\/\/www.sylvie-progin.ch\/?p=416'>Read More<\/a><\/span><\/div><\/div><\/div><\/div><div class=\"rt-col-md-4 rt-col-sm-6 rt-col-xs-12 rt-equal-height even-grid-item rt-grid-item\" data-id=\"1\"><div class=\"rt-holder\"><div class=\"rt-img-holder\"><a data-id=\"1\" class=\"\" href=\"https:\/\/www.sylvie-progin.ch\/?p=1\"><img width=\"150\" height=\"150\" src=\"https:\/\/www.sylvie-progin.ch\/wp-content\/uploads\/2016\/05\/RIEIII-150x150.jpg\" class=\"rt-img-responsive\" alt=\"\" loading=\"lazy\" \/><\/a><\/div><div class='rt-detail'><h3 class='entry-title'><a data-id='1' class='' href='https:\/\/www.sylvie-progin.ch\/?p=1'>RIE III : pas sur notre dos<\/a><\/h3><div class='post-meta-user'><span class='author'><i class='fa fa-user'><\/i><a href=\"https:\/\/www.sylvie-progin.ch\/?author=1\">sylvie_o5il4y5l<\/a><\/span><span class='date'><i class='far fa-calendar-alt'><\/i>1 f\u00e9vrier 2016<\/span><span class='categories-links'><i class='fas fa-folder-open'><\/i><a href=\"https:\/\/www.sylvie-progin.ch\/?cat=1\" rel=\"tag\">Actualit\u00e9<\/a><\/span><span class=\"comment-count\"><i class=\"fas fa-comments\"><\/i> <a href='https:\/\/www.sylvie-progin.ch\/?p=1#respond'>0 <\/a><\/span><\/div><div class='tpg-excerpt'>(lettre parue dans le 24 Heures du 6 f\u00e9vrier 2017) La r\u00e9forme de l\u2019imposition des entreprises, un sujet compliqu\u00e9, technique, et comme d\u2019habitude\u00a0 on nous joue la carte \u00e9motionnelle en nous pr\u00e9disant \u00ab\u00a0si vous n\u2019acceptez pas, ce sera pire\u00a0\u00bb. Le Conseiller f\u00e9d\u00e9ral Ueli Maurer a d\u00e9j\u00e0 menac\u00e9 de lancer un programme d\u2019\u00e9conomie de plusieurs milliards  ...<\/div><div class='post-meta '><span class='read-more'><a data-id='1' class='' href='https:\/\/www.sylvie-progin.ch\/?p=1'>Read More<\/a><\/span><\/div><\/div><\/div><\/div><div class=\"rt-col-md-4 rt-col-sm-6 rt-col-xs-12 rt-equal-height even-grid-item rt-grid-item\" data-id=\"354\"><div class=\"rt-holder\"><div class='rt-detail'><h3 class='entry-title'><a data-id='354' class='' href='https:\/\/www.sylvie-progin.ch\/?p=354'>Grand Conseil 2011 &#8211; 2012<\/a><\/h3><div class='post-meta-user'><span class='author'><i class='fa fa-user'><\/i><a href=\"https:\/\/www.sylvie-progin.ch\/?author=1\">sylvie_o5il4y5l<\/a><\/span><span class='date'><i class='far fa-calendar-alt'><\/i>21 septembre 2012<\/span><span class='categories-links'><i class='fas fa-folder-open'><\/i><a href=\"https:\/\/www.sylvie-progin.ch\/?cat=1\" rel=\"tag\">Actualit\u00e9<\/a><\/span><span class=\"comment-count\"><i class=\"fas fa-comments\"><\/i> <a href='https:\/\/www.sylvie-progin.ch\/?p=354#respond'>0 <\/a><\/span><\/div><div class='tpg-excerpt'>Textes d\u00e9pos\u00e9s Evaluation \u00a0des politiques publiques Texte de mon postulat Mesures compensatoires \u00e0 la hausse des imp\u00f4ts subies par les familles monoparentales d\u00e8s 2011 Texte du postulat Contribution au postulat Philippe Randin au sujet des conditions de travail des accueillantes en milieu familial (\u00e0 l&rsquo;\u00e9poque secr\u00e9taire g\u00e9n\u00e9rale adjointe de la FAJE) Texte du postulat ...<\/div><div class='post-meta '><span class='read-more'><a data-id='354' class='' href='https:\/\/www.sylvie-progin.ch\/?p=354'>Read More<\/a><\/span><\/div><\/div><\/div><\/div><\/div><\/div><\/p>\n","protected":false},"excerpt":{"rendered":"<p>[<\/p>\n","protected":false},"author":1,"featured_media":0,"parent":0,"menu_order":0,"comment_status":"closed","ping_status":"closed","template":"template-full-width.php","meta":[],"_links":{"self":[{"href":"https:\/\/www.sylvie-progin.ch\/index.php?rest_route=\/wp\/v2\/pages\/472"}],"collection":[{"href":"https:\/\/www.sylvie-progin.ch\/index.php?rest_route=\/wp\/v2\/pages"}],"about":[{"href":"https:\/\/www.sylvie-progin.ch\/index.php?rest_route=\/wp\/v2\/types\/page"}],"author":[{"embeddable":true,"href":"https:\/\/www.sylvie-progin.ch\/index.php?rest_route=\/wp\/v2\/users\/1"}],"replies":[{"embeddable":true,"href":"https:\/\/www.sylvie-progin.ch\/index.php?rest_route=%2Fwp%2Fv2%2Fcomments&post=472"}],"version-history":[{"count":5,"href":"https:\/\/www.sylvie-progin.ch\/index.php?rest_route=\/wp\/v2\/pages\/472\/revisions"}],"predecessor-version":[{"id":716,"href":"https:\/\/www.sylvie-progin.ch\/index.php?rest_route=\/wp\/v2\/pages\/472\/revisions\/716"}],"wp:attachment":[{"href":"https:\/\/www.sylvie-progin.ch\/index.php?rest_route=%2Fwp%2Fv2%2Fmedia&parent=472"}],"curies":[{"name":"wp","href":"https:\/\/api.w.org\/{rel}","templated":true}]}}

Actualité

<p>[<style type='text/css' media='all'>#rt-tpg-container-1106987610 .rt-holder .rt-woo-info .price{color:#0367bf;}body .rt-tpg-container .rt-tpg-isotope-buttons .selected, 
						#rt-tpg-container-1106987610 .layout12 .rt-holder:hover .rt-detail, 
						#rt-tpg-container-1106987610 .isotope8 .rt-holder:hover .rt-detail, 
						#rt-tpg-container-1106987610 .carousel8 .rt-holder:hover .rt-detail,
				        #rt-tpg-container-1106987610 .layout13 .rt-holder .overlay .post-info, 
				        #rt-tpg-container-1106987610 .isotope9 .rt-holder .overlay .post-info, 
				        #rt-tpg-container-1106987610.rt-tpg-container .layout4 .rt-holder .rt-detail,
				        .rt-modal-1106987610 .md-content, 
				        .rt-modal-1106987610 .md-content > .rt-md-content-holder .rt-md-content, 
				        .rt-popup-wrap-1106987610.rt-popup-wrap .rt-popup-navigation-wrap, 
				        #rt-tpg-container-1106987610 .carousel9 .rt-holder .overlay .post-info{background-color:#0367bf;}#rt-tpg-container-1106987610 .rt-detail i,
                        #rt-tpg-container-1106987610 .rt-detail .post-meta-user a,
                        #rt-tpg-container-1106987610 .rt-detail .post-meta-category a{color:#0367bf;}#rt-tpg-container-1106987610 .layout5 .rt-holder .overlay, #rt-tpg-container-1106987610 .isotope2 .rt-holder .overlay, #rt-tpg-container-1106987610 .carousel2 .rt-holder .overlay,#rt-tpg-container-1106987610 .layout15 .rt-holder h3, #rt-tpg-container-1106987610 .isotope11 .rt-holder h3, #rt-tpg-container-1106987610 .carousel11 .rt-holder h3, #rt-tpg-container-1106987610 .layout16 .rt-holder h3,
					#rt-tpg-container-1106987610 .isotope12 .rt-holder h3, #rt-tpg-container-1106987610 .carousel12 .rt-holder h3 {background-color:rgba(3,103,191,0.8);}#rt-tpg-container-1106987610 .read-more a{border-radius:px;}</style><div class='rt-container-fluid rt-tpg-container ' id='rt-tpg-container-1106987610'   data-layout='layout1' data-desktop-col='3'  data-tab-col='2'  data-mobile-col='1' data-sc-id='715'><div data-title='Loading ...' class='rt-row rt-content-loader layout1 tpg-even '><div class="rt-col-md-4 rt-col-sm-6 rt-col-xs-12 rt-equal-height even-grid-item rt-grid-item" data-id="727"><div class="rt-holder"><div class='rt-detail'><h3 class='entry-title'><a data-id='727' class='' href='https://www.sylvie-progin.ch/?p=727'>Le Web a 30 ans</a></h3><div class='post-meta-user'><span class='author'><i class='fa fa-user'></i><a href="https://www.sylvie-progin.ch/?author=1">sylvie_o5il4y5l</a></span><span class='date'><i class='far fa-calendar-alt'></i>12 mars 2019</span><span class='categories-links'><i class='fas fa-folder-open'></i><a href="https://www.sylvie-progin.ch/?cat=1" rel="tag">Actualité</a></span><span class="comment-count"><i class="fas fa-comments"></i> <a href='https://www.sylvie-progin.ch/?p=727#respond'>0 </a></span></div><div class='tpg-excerpt'>Aujourd’hui nous fêtons le 30ème anniversaire du web, et le web a complètement changé notre vie. Que ce soit pour s’informer, pour faire des achats ou ses devoirs, pour discuter, échanger ou pour regarder des vidéos de bébés pandas&nbsp;😉&nbsp;, on ne peut plus s’en passer. Même mon médecin l’autre jour m’a conseillé de chercher sur  ...</div><div class='post-meta '><span class='read-more'><a data-id='727' class='' href='https://www.sylvie-progin.ch/?p=727'>Read More</a></span></div></div></div></div><div class="rt-col-md-4 rt-col-sm-6 rt-col-xs-12 rt-equal-height even-grid-item rt-grid-item" data-id="679"><div class="rt-holder"><div class="rt-img-holder"><a data-id="679" class="" href="https://www.sylvie-progin.ch/?p=679"><img width="150" height="150" src="https://www.sylvie-progin.ch/wp-content/uploads/2018/11/Debat-150x150.jpg" class="rt-img-responsive" alt="" loading="lazy" /></a></div><div class='rt-detail'><h3 class='entry-title'><a data-id='679' class='' href='https://www.sylvie-progin.ch/?p=679'>L’UDC fait feu de tout bois</a></h3><div class='post-meta-user'><span class='author'><i class='fa fa-user'></i><a href="https://www.sylvie-progin.ch/?author=1">sylvie_o5il4y5l</a></span><span class='date'><i class='far fa-calendar-alt'></i>12 novembre 2018</span><span class='categories-links'><i class='fas fa-folder-open'></i><a href="https://www.sylvie-progin.ch/?cat=1" rel="tag">Actualité</a></span><span class="comment-count"><i class="fas fa-comments"></i> <a href='https://www.sylvie-progin.ch/?p=679#respond'>0 </a></span></div><div class='tpg-excerpt'>L’UDC ne supporte plus que ses initiatives, acceptées par le peuple, soient mises en œuvre en tenant compte des traités internationaux que la Suisse a signés, comme par exemple l’accord sur la libre circulation des personnes conclu avec l’Union européenne. Alors, elle nous concocte une nouvelle initiative qui obligerait le parlement à mettre rigoureusement ses  ...</div><div class='post-meta '><span class='read-more'><a data-id='679' class='' href='https://www.sylvie-progin.ch/?p=679'>Read More</a></span></div></div></div></div><div class="rt-col-md-4 rt-col-sm-6 rt-col-xs-12 rt-equal-height even-grid-item rt-grid-item" data-id="420"><div class="rt-holder"><div class="rt-img-holder"><a data-id="420" class="" href="https://www.sylvie-progin.ch/?p=420"><img width="150" height="150" src="https://www.sylvie-progin.ch/wp-content/uploads/2017/04/Reflexion24Heures24_04_17-150x150.jpg" class="rt-img-responsive" alt="" loading="lazy" srcset="https://www.sylvie-progin.ch/wp-content/uploads/2017/04/Reflexion24Heures24_04_17-150x150.jpg 150w, https://www.sylvie-progin.ch/wp-content/uploads/2017/04/Reflexion24Heures24_04_17-540x540.jpg 540w" sizes="(max-width: 150px) 100vw, 150px" /></a></div><div class='rt-detail'><h3 class='entry-title'><a data-id='420' class='' href='https://www.sylvie-progin.ch/?p=420'>Créer des ponts de musique entre les écoles</a></h3><div class='post-meta-user'><span class='author'><i class='fa fa-user'></i><a href="https://www.sylvie-progin.ch/?author=1">sylvie_o5il4y5l</a></span><span class='date'><i class='far fa-calendar-alt'></i>24 avril 2017</span><span class='categories-links'><i class='fas fa-folder-open'></i><a href="https://www.sylvie-progin.ch/?cat=1" rel="tag">Actualité</a></span><span class="comment-count"><i class="fas fa-comments"></i> <a href='https://www.sylvie-progin.ch/?p=420#respond'>0 </a></span></div><div class='tpg-excerpt'>&nbsp; On a beaucoup parlé, en fin d’année dernière, de la contribution de l’Etat et des communes à la Fondation pour l’enseignement de la musique, contribution que le Grand Conseil n’a pas souhaité augmenter pour 2017 malgré les accords initialement prévus. Au-delà des considérations politico-financières qui ont conduit à cette décision, il est important de  ...</div><div class='post-meta '><span class='read-more'><a data-id='420' class='' href='https://www.sylvie-progin.ch/?p=420'>Read More</a></span></div></div></div></div><div class="rt-col-md-4 rt-col-sm-6 rt-col-xs-12 rt-equal-height even-grid-item rt-grid-item" data-id="416"><div class="rt-holder"><div class="rt-img-holder"><a data-id="416" class="" href="https://www.sylvie-progin.ch/?p=416"><img width="150" height="150" src="https://www.sylvie-progin.ch/wp-content/uploads/2017/04/tablerondeImage-150x150.jpg" class="rt-img-responsive" alt="" loading="lazy" /></a></div><div class='rt-detail'><h3 class='entry-title'><a data-id='416' class='' href='https://www.sylvie-progin.ch/?p=416'>Table ronde sur le capital culturel</a></h3><div class='post-meta-user'><span class='author'><i class='fa fa-user'></i><a href="https://www.sylvie-progin.ch/?author=1">sylvie_o5il4y5l</a></span><span class='date'><i class='far fa-calendar-alt'></i>7 avril 2017</span><span class='categories-links'><i class='fas fa-folder-open'></i><a href="https://www.sylvie-progin.ch/?cat=1" rel="tag">Actualité</a></span><span class="comment-count"><i class="fas fa-comments"></i> <a href='https://www.sylvie-progin.ch/?p=416#respond'>0 </a></span></div><div class='tpg-excerpt'>Hier s&rsquo;est tenue la table ronde sur la culture dans le Nord vaudois. Les interventions ont été riches, tant du côté des acteurs culturels de notre région, que des candidats au Grand Conseil. Ce qu&rsquo;il faut en retenir ? Que les attentes sont encore nombreuses et que la culture est indispensable au bien vivre ensemble.  ...</div><div class='post-meta '><span class='read-more'><a data-id='416' class='' href='https://www.sylvie-progin.ch/?p=416'>Read More</a></span></div></div></div></div><div class="rt-col-md-4 rt-col-sm-6 rt-col-xs-12 rt-equal-height even-grid-item rt-grid-item" data-id="1"><div class="rt-holder"><div class="rt-img-holder"><a data-id="1" class="" href="https://www.sylvie-progin.ch/?p=1"><img width="150" height="150" src="https://www.sylvie-progin.ch/wp-content/uploads/2016/05/RIEIII-150x150.jpg" class="rt-img-responsive" alt="" loading="lazy" /></a></div><div class='rt-detail'><h3 class='entry-title'><a data-id='1' class='' href='https://www.sylvie-progin.ch/?p=1'>RIE III : pas sur notre dos</a></h3><div class='post-meta-user'><span class='author'><i class='fa fa-user'></i><a href="https://www.sylvie-progin.ch/?author=1">sylvie_o5il4y5l</a></span><span class='date'><i class='far fa-calendar-alt'></i>1 février 2016</span><span class='categories-links'><i class='fas fa-folder-open'></i><a href="https://www.sylvie-progin.ch/?cat=1" rel="tag">Actualité</a></span><span class="comment-count"><i class="fas fa-comments"></i> <a href='https://www.sylvie-progin.ch/?p=1#respond'>0 </a></span></div><div class='tpg-excerpt'>(lettre parue dans le 24 Heures du 6 février 2017) La réforme de l’imposition des entreprises, un sujet compliqué, technique, et comme d’habitude  on nous joue la carte émotionnelle en nous prédisant « si vous n’acceptez pas, ce sera pire ». Le Conseiller fédéral Ueli Maurer a déjà menacé de lancer un programme d’économie de plusieurs milliards  ...</div><div class='post-meta '><span class='read-more'><a data-id='1' class='' href='https://www.sylvie-progin.ch/?p=1'>Read More</a></span></div></div></div></div><div class="rt-col-md-4 rt-col-sm-6 rt-col-xs-12 rt-equal-height even-grid-item rt-grid-item" data-id="354"><div class="rt-holder"><div class='rt-detail'><h3 class='entry-title'><a data-id='354' class='' href='https://www.sylvie-progin.ch/?p=354'>Grand Conseil 2011 &#8211; 2012</a></h3><div class='post-meta-user'><span class='author'><i class='fa fa-user'></i><a href="https://www.sylvie-progin.ch/?author=1">sylvie_o5il4y5l</a></span><span class='date'><i class='far fa-calendar-alt'></i>21 septembre 2012</span><span class='categories-links'><i class='fas fa-folder-open'></i><a href="https://www.sylvie-progin.ch/?cat=1" rel="tag">Actualité</a></span><span class="comment-count"><i class="fas fa-comments"></i> <a href='https://www.sylvie-progin.ch/?p=354#respond'>0 </a></span></div><div class='tpg-excerpt'>Textes déposés Evaluation  des politiques publiques Texte de mon postulat Mesures compensatoires à la hausse des impôts subies par les familles monoparentales dès 2011 Texte du postulat Contribution au postulat Philippe Randin au sujet des conditions de travail des accueillantes en milieu familial (à l&rsquo;époque secrétaire générale adjointe de la FAJE) Texte du postulat ...</div><div class='post-meta '><span class='read-more'><a data-id='354' class='' href='https://www.sylvie-progin.ch/?p=354'>Read More</a></span></div></div></div></div></div></div></p>
