{"id":65,"date":"2017-02-01T14:32:59","date_gmt":"2017-02-01T14:32:59","guid":{"rendered":"http:\/\/www.sylvie-progin.ch\/?page_id=65"},"modified":"2018-07-12T14:50:40","modified_gmt":"2018-07-12T14:50:40","slug":"bio-express","status":"publish","type":"page","link":"https:\/\/www.sylvie-progin.ch\/?page_id=65","title":{"rendered":"Bio express"},"content":{"rendered":"\n<table id=\"tablepress-2\" class=\"tablepress tablepress-id-2\">\n<tbody>\n<tr class=\"row-1\">\n\t<td class=\"column-1\"><strong>Vie priv\u00e9e et professionnelle<\/strong><\/td><td class=\"column-2\"><strong>Engagement politique et associatif<\/strong><\/td>\n<\/tr>\n<tr class=\"row-2\">\n\t<td class=\"column-1\">Depuis 2012 - Secr\u00e9taire g\u00e9n\u00e9rale de la Fondation pour l'enseignement de la musique (FEM)<br \/>\n<br \/>\n2007 - 2012 - Secr\u00e9taire g\u00e9n\u00e9rale adjointe de la Fondation pour l'accueil de jour des enfants (FAJE)<br \/>\n<br \/>\n2006 - Obtention du Master en administration publique de l'IdHEAP, suivi en 2017 d'un CAS en \u00e9valuation des politiques publiques<br \/>\n<br \/>\n2003 - 2007 - Administratrice du CLUSIS (Association suisse de la s\u00e9curit\u00e9 de l'information)<br \/>\n<br \/>\n1995 - Obtention d'un master en management d'institutions de formation (Webster university)<br \/>\n<br \/>\n1994, 1995 et 1998, naissance de mes trois filles<br \/>\n<br \/>\n1987-2002 - Adjointe \u00e0 la direction de l'institut romand des sciences de la sant\u00e9 et du social de la Croix-Rouge suisse<br \/>\n<br \/>\n1987 - Arriv\u00e9e dans le canton de Vaud<br \/>\n<br \/>\nObtention d'un certificat de formation continue en cr\u00e9ation d'entreprise \u00e0 l'universit\u00e9 de Neuch\u00e2tel<br \/>\n<br \/>\nDivers emplois dans la publicit\u00e9 et la communication (conseill\u00e8re \u00e0 la client\u00e8le, product manager)<br \/>\n<br \/>\nObtention du baccalaur\u00e9at puis d'un brevet f\u00e9d\u00e9ral de technicienne en publicit\u00e9<br \/>\n<br \/>\nEcoles dans le canton de Neuch\u00e2tel<br \/>\n<br \/>\nNaissance en 1962 \u00e0 Fribourg<br \/>\n<\/td><td class=\"column-2\">Candidate \u00e0 l'\u00e9lection au Conseil National<br \/>\nMembre du Comit\u00e9 directeur du Parti socialiste vaudois<br \/>\n<br \/>\nMembre du comit\u00e9 de l'Asloca Jura Nord-vaudois<br \/>\n<br \/>\nMembre du comit\u00e9 du parti socialiste yverdonnois, tr\u00e9sori\u00e8re<br \/>\n<br \/>\nConseill\u00e8re g\u00e9n\u00e9rale de la commune de Cheseaux-Nor\u00e9az<br \/>\n<br \/>\nD\u00e9put\u00e9e au Grand Conseil vaudois, membre de la Commission des syst\u00e8mes d'information (2011 - 2012)<br \/>\n<br \/>\nCo-pr\u00e9sidente, puis pr\u00e9sidente de la Commission \u00e9galit\u00e9 du parti socialiste vaudois (2009 - 2013)<br \/>\n<br \/>\nSyndique de la commune de Montpreveyres (2002 - 2010)<br \/>\n<br \/>\nConseill\u00e8re municipale de la commune de Montpreveyres (2001)<br \/>\n<br \/>\nConseill\u00e8re g\u00e9n\u00e9rale de la commune de Montpreveyres, membre de la commission de gestion (1998 - 2001)<\/td>\n<\/tr>\n<\/tbody>\n<\/table>\n<!-- #tablepress-2 from cache -->\n<p>&nbsp;<\/p>\n<p>&nbsp;<\/p>\n","protected":false},"excerpt":{"rendered":"<p>&nbsp; &nbsp;<\/p>\n","protected":false},"author":1,"featured_media":0,"parent":0,"menu_order":5,"comment_status":"closed","ping_status":"closed","template":"template-full-width.php","meta":[],"_links":{"self":[{"href":"https:\/\/www.sylvie-progin.ch\/index.php?rest_route=\/wp\/v2\/pages\/65"}],"collection":[{"href":"https:\/\/www.sylvie-progin.ch\/index.php?rest_route=\/wp\/v2\/pages"}],"about":[{"href":"https:\/\/www.sylvie-progin.ch\/index.php?rest_route=\/wp\/v2\/types\/page"}],"author":[{"embeddable":true,"href":"https:\/\/www.sylvie-progin.ch\/index.php?rest_route=\/wp\/v2\/users\/1"}],"replies":[{"embeddable":true,"href":"https:\/\/www.sylvie-progin.ch\/index.php?rest_route=%2Fwp%2Fv2%2Fcomments&post=65"}],"version-history":[{"count":8,"href":"https:\/\/www.sylvie-progin.ch\/index.php?rest_route=\/wp\/v2\/pages\/65\/revisions"}],"predecessor-version":[{"id":315,"href":"https:\/\/www.sylvie-progin.ch\/index.php?rest_route=\/wp\/v2\/pages\/65\/revisions\/315"}],"wp:attachment":[{"href":"https:\/\/www.sylvie-progin.ch\/index.php?rest_route=%2Fwp%2Fv2%2Fmedia&parent=65"}],"curies":[{"name":"wp","href":"https:\/\/api.w.org\/{rel}","templated":true}]}}

<table id="tablepress-2" class="tablepress tablepress-id-2">
<tbody>
<tr class="row-1">
	<td class="column-1"><strong>Vie privée et professionnelle</strong></td><td class="column-2"><strong>Engagement politique et associatif</strong></td>
</tr>
<tr class="row-2">
	<td class="column-1">Depuis 2012 - Secrétaire générale de la Fondation pour l'enseignement de la musique (FEM)<br />
<br />
2007 - 2012 - Secrétaire générale adjointe de la Fondation pour l'accueil de jour des enfants (FAJE)<br />
<br />
2006 - Obtention du Master en administration publique de l'IdHEAP, suivi en 2017 d'un CAS en évaluation des politiques publiques<br />
<br />
2003 - 2007 - Administratrice du CLUSIS (Association suisse de la sécurité de l'information)<br />
<br />
1995 - Obtention d'un master en management d'institutions de formation (Webster university)<br />
<br />
1994, 1995 et 1998, naissance de mes trois filles<br />
<br />
1987-2002 - Adjointe à la direction de l'institut romand des sciences de la santé et du social de la Croix-Rouge suisse<br />
<br />
1987 - Arrivée dans le canton de Vaud<br />
<br />
Obtention d'un certificat de formation continue en création d'entreprise à l'université de Neuchâtel<br />
<br />
Divers emplois dans la publicité et la communication (conseillère à la clientèle, product manager)<br />
<br />
Obtention du baccalauréat puis d'un brevet fédéral de technicienne en publicité<br />
<br />
Ecoles dans le canton de Neuchâtel<br />
<br />
Naissance en 1962 à Fribourg<br />
</td><td class="column-2">Candidate à l'élection au Conseil National<br />
Membre du Comité directeur du Parti socialiste vaudois<br />
<br />
Membre du comité de l'Asloca Jura Nord-vaudois<br />
<br />
Membre du comité du parti socialiste yverdonnois, trésorière<br />
<br />
Conseillère générale de la commune de Cheseaux-Noréaz<br />
<br />
Députée au Grand Conseil vaudois, membre de la Commission des systèmes d'information (2011 - 2012)<br />
<br />
Co-présidente, puis présidente de la Commission égalité du parti socialiste vaudois (2009 - 2013)<br />
<br />
Syndique de la commune de Montpreveyres (2002 - 2010)<br />
<br />
Conseillère municipale de la commune de Montpreveyres (2001)<br />
<br />
Conseillère générale de la commune de Montpreveyres, membre de la commission de gestion (1998 - 2001)</td>
</tr>
</tbody>
</table>
<!-- #tablepress-2 from cache -->
<p>&nbsp;</p>
<p>&nbsp;</p>
