{"id":688,"date":"2019-01-25T14:37:48","date_gmt":"2019-01-25T14:37:48","guid":{"rendered":"http:\/\/www.sylvie-progin.ch\/?page_id=688"},"modified":"2019-02-04T14:01:49","modified_gmt":"2019-02-04T14:01:49","slug":"mes-engagements","status":"publish","type":"page","link":"https:\/\/www.sylvie-progin.ch\/?page_id=688","title":{"rendered":"Priorit\u00e9s"},"content":{"rendered":"<style type='text\/css' media='all'>#rt-tpg-container-725662328 .rt-holder .rt-woo-info .price{color:#0367bf;}body .rt-tpg-container .rt-tpg-isotope-buttons .selected, \r\n\t\t\t\t\t\t#rt-tpg-container-725662328 .layout12 .rt-holder:hover .rt-detail, \r\n\t\t\t\t\t\t#rt-tpg-container-725662328 .isotope8 .rt-holder:hover .rt-detail, \r\n\t\t\t\t\t\t#rt-tpg-container-725662328 .carousel8 .rt-holder:hover .rt-detail,\r\n\t\t\t\t        #rt-tpg-container-725662328 .layout13 .rt-holder .overlay .post-info, \r\n\t\t\t\t        #rt-tpg-container-725662328 .isotope9 .rt-holder .overlay .post-info, \r\n\t\t\t\t        #rt-tpg-container-725662328.rt-tpg-container .layout4 .rt-holder .rt-detail,\r\n\t\t\t\t        .rt-modal-725662328 .md-content, \r\n\t\t\t\t        .rt-modal-725662328 .md-content > .rt-md-content-holder .rt-md-content, \r\n\t\t\t\t        .rt-popup-wrap-725662328.rt-popup-wrap .rt-popup-navigation-wrap, \r\n\t\t\t\t        #rt-tpg-container-725662328 .carousel9 .rt-holder .overlay .post-info{background-color:#0367bf;}#rt-tpg-container-725662328 .rt-detail i,\r\n                        #rt-tpg-container-725662328 .rt-detail .post-meta-user a,\r\n                        #rt-tpg-container-725662328 .rt-detail .post-meta-category a{color:#0367bf;}#rt-tpg-container-725662328 .layout5 .rt-holder .overlay, #rt-tpg-container-725662328 .isotope2 .rt-holder .overlay, #rt-tpg-container-725662328 .carousel2 .rt-holder .overlay,#rt-tpg-container-725662328 .layout15 .rt-holder h3, #rt-tpg-container-725662328 .isotope11 .rt-holder h3, #rt-tpg-container-725662328 .carousel11 .rt-holder h3, #rt-tpg-container-725662328 .layout16 .rt-holder h3,\r\n\t\t\t\t\t#rt-tpg-container-725662328 .isotope12 .rt-holder h3, #rt-tpg-container-725662328 .carousel12 .rt-holder h3 {background-color:rgba(3,103,191,0.8);}#rt-tpg-container-725662328 .pagination-list li a,\r\n                #rt-tpg-container-725662328 .pagination li a,\r\n\t\t\t\t#rt-tpg-container-725662328 .rt-tpg-isotope-buttons button,\r\n\t\t\t\t#rt-tpg-container-725662328 .rt-holder .read-more a,\r\n\t\t\t\t#rt-tpg-container-725662328 .rt-tpg-utility .rt-tpg-load-more button, \r\n\t\t\t\t#rt-tpg-container-725662328 .owl-theme .owl-controls .owl-nav > div,\r\n\t\t\t\t#rt-tpg-container-725662328 .wc1 .rt-holder .rt-img-holder .overlay .product-more ul li a,\r\n\t\t\t\t#rt-tpg-container-725662328 .edd1 .rt-holder .rt-img-holder .overlay .product-more ul li a,\r\n\t\t\t\t#rt-tpg-container-725662328 .wc2 .rt-detail .rt-wc-add-to-cart,\r\n\t\t\t\t#rt-tpg-container-725662328 .wc3 .rt-detail .rt-wc-add-to-cart,\r\n\t\t\t\t#rt-tpg-container-725662328 .edd2 .rt-detail .rt-wc-add-to-cart,\r\n\t\t\t\t#rt-tpg-container-725662328 .wc4 .rt-detail .rt-wc-add-to-cart,\r\n\t\t\t\t#rt-tpg-container-725662328 .edd3 .rt-detail .rt-wc-add-to-cart,\r\n\t\t\t\t#rt-tpg-container-725662328 .wc-carousel2 .rt-detail .rt-wc-add-to-cart,\r\n\t\t\t\t#rt-tpg-container-725662328 .wc-isotope2 .rt-detail .rt-wc-add-to-cart,\r\n\t\t\t\t#rt-tpg-container-725662328 .rt-tpg-utility .rt-tpg-load-more button,\r\n\t\t\t\t#rt-tooltip-725662328, \r\n\t\t\t\t#rt-tpg-container-725662328 .rt-filter-item-wrap.rt-filter-button-wrap span.rt-filter-button-item,\r\n\t\t\t\t#rt-tpg-container-725662328 .rt-layout-filter-container .rt-filter-sub-tax.sub-button-group .rt-filter-button-item,\r\n\t\t\t\t#rt-tpg-container-725662328 .rt-layout-filter-container .rt-filter-wrap .rt-filter-item-wrap.rt-sort-order-action,\r\n\t\t\t\t#rt-tpg-container-725662328 .rt-layout-filter-container .rt-filter-wrap .rt-filter-item-wrap.rt-filter-dropdown-wrap .rt-filter-dropdown .rt-filter-dropdown-item,\r\n\t\t\t\t#rt-tpg-container-725662328.rt-tpg-container .rt-pagination-wrap .rt-page-numbers .paginationjs .paginationjs-pages ul li>a,\r\n\t\t\t\t#rt-tpg-container-725662328.rt-tpg-container .rt-pagination-wrap .rt-cb-page-prev-next > *,\r\n\t\t\t\t#rt-tpg-container-725662328.rt-tpg-container .rt-pagination-wrap  .rt-loadmore-btn,\r\n\t\t\t\t#rt-tooltip-725662328 .rt-tooltip-bottom:after{color:#ffffff;}#rt-tpg-container-725662328 .read-more a{border-radius:px;}<\/style><div class='rt-container-fluid rt-tpg-container ' id='rt-tpg-container-725662328'   data-layout='layout2' data-desktop-col='2'  data-tab-col='2'  data-mobile-col='1' data-sc-id='718'><div data-title='Loading ...' class='rt-row rt-content-loader layout2 tpg-even '><div class=\"rt-col-md-6 rt-col-sm-6 rt-col-xs-12 rt-equal-height even-grid-item rt-grid-item\" data-id=\"732\"><div class=\"rt-holder\"><div class=\"rt-row\"><div class='rt-col-xs-12'><div class='rt-detail'><h3 class='entry-title'><a data-id='732' class='' href='https:\/\/www.sylvie-progin.ch\/?p=732'>Urgence climatique<\/a><\/h3><div class='post-meta-user'><span class='date-meta'><i class='far fa-calendar-alt'><\/i> 25 mars 2019<\/span><\/div><div class='tpg-excerpt'>Je suis socialiste. En premier lieu. Et oui, je suis tr\u00e8s inqui\u00e8te pour notre ecosyst\u00e8me mondial, complexe et interd\u00e9pendant. Gr\u00e2ce notamment aux jeunes qui ont manifest\u00e9 dans les rues de nos villes, l\u2019urgence climatique est d\u00e9clar\u00e9e, tant mieux, c\u2019\u00e9tait le moment ! Mais pour autant n\u2019oublions pas nos valeurs socialistes : les politiques de protection  ...<\/div><span class='read-more '><a data-id='732' class='' href='https:\/\/www.sylvie-progin.ch\/?p=732'>Read More<\/a><\/span><\/div><\/div><\/div><\/div><\/div><div class=\"rt-col-md-6 rt-col-sm-6 rt-col-xs-12 rt-equal-height even-grid-item rt-grid-item\" data-id=\"292\"><div class=\"rt-holder\"><div class=\"rt-row\"><div class='rt-col-xs-12'><div class='rt-detail'><h3 class='entry-title'><a data-id='292' class='' href='https:\/\/www.sylvie-progin.ch\/?p=292'>Egalit\u00e9 entre les femmes et les hommes<\/a><\/h3><div class='post-meta-user'><span class='date-meta'><i class='far fa-calendar-alt'><\/i> 7 mars 2017<\/span><\/div><div class='tpg-excerpt'>Malgr\u00e9 le consensus qui entoure la question de l&rsquo;\u00e9galit\u00e9 entre les femmes et les hommes depuis quelques ann\u00e9es, force est de constater que les progr\u00e8s sont extr\u00eamement lents, voire inexistants dans certains domaines. Plafond de verre, in\u00e9galit\u00e9s salariales, travail \u00e0 temps partiel, repr\u00e9sentativit\u00e9\u00a0politique, pr\u00e9sence dans les m\u00e9dias : tous ces th\u00e8mes doivent \u00eatre inlassablement repris  ...<\/div><span class='read-more '><a data-id='292' class='' href='https:\/\/www.sylvie-progin.ch\/?p=292'>Read More<\/a><\/span><\/div><\/div><\/div><\/div><\/div><div class=\"rt-col-md-6 rt-col-sm-6 rt-col-xs-12 rt-equal-height even-grid-item rt-grid-item\" data-id=\"177\"><div class=\"rt-holder\"><div class=\"rt-row\"><div class='rt-col-xs-12'><div class='rt-detail'><h3 class='entry-title'><a data-id='177' class='' href='https:\/\/www.sylvie-progin.ch\/?p=177'>Age et soci\u00e9t\u00e9 &#8211; perspectives<\/a><\/h3><div class='post-meta-user'><span class='date-meta'><i class='far fa-calendar-alt'><\/i> 25 f\u00e9vrier 2017<\/span><\/div><div class='tpg-excerpt'>Au niveau f\u00e9d\u00e9ral on se pr\u00e9occupe beaucoup du financement des retraites mais encore tr\u00e8s peu de l&rsquo;adaptation concr\u00e8te de la vie de nos seniors. En effet, cons\u00e9quence de l&rsquo;\u00e9volution sociale qu&rsquo;elles ont eu la chance de vivre, les personnes qui arrivent maintenant \u00e0 la retraite ont des&nbsp;attentes diff\u00e9rentes sur leur qualit\u00e9 de vie que la  ...<\/div><span class='read-more '><a data-id='177' class='' href='https:\/\/www.sylvie-progin.ch\/?p=177'>Read More<\/a><\/span><\/div><\/div><\/div><\/div><\/div><div class=\"rt-col-md-6 rt-col-sm-6 rt-col-xs-12 rt-equal-height even-grid-item rt-grid-item\" data-id=\"265\"><div class=\"rt-holder\"><div class=\"rt-row\"><div class='rt-col-xs-12'><div class='rt-detail'><h3 class='entry-title'><a data-id='265' class='' href='https:\/\/www.sylvie-progin.ch\/?p=265'>Conditions de travail des professionnels du domaine culturel<\/a><\/h3><div class='post-meta-user'><span class='date-meta'><i class='far fa-calendar-alt'><\/i> 15 f\u00e9vrier 2017<\/span><\/div><div class='tpg-excerpt'>Dans notre canton &#8211; contrairement \u00e0 d&rsquo;autres &#8211; les mesures de formation continue pour les artistes ne sont pas reconnues par les ORP et donc pas financ\u00e9es. Pourtant, il devrait \u00eatre possible de cr\u00e9er un fonds pour la formation continue, un peu sur le mod\u00e8le de la Fonpro (Fondation cantonale pour la formation professionnelle) par  ...<\/div><span class='read-more '><a data-id='265' class='' href='https:\/\/www.sylvie-progin.ch\/?p=265'>Read More<\/a><\/span><\/div><\/div><\/div><\/div><\/div><\/div><\/div>\n","protected":false},"excerpt":{"rendered":"","protected":false},"author":1,"featured_media":0,"parent":0,"menu_order":0,"comment_status":"closed","ping_status":"closed","template":"","meta":[],"_links":{"self":[{"href":"https:\/\/www.sylvie-progin.ch\/index.php?rest_route=\/wp\/v2\/pages\/688"}],"collection":[{"href":"https:\/\/www.sylvie-progin.ch\/index.php?rest_route=\/wp\/v2\/pages"}],"about":[{"href":"https:\/\/www.sylvie-progin.ch\/index.php?rest_route=\/wp\/v2\/types\/page"}],"author":[{"embeddable":true,"href":"https:\/\/www.sylvie-progin.ch\/index.php?rest_route=\/wp\/v2\/users\/1"}],"replies":[{"embeddable":true,"href":"https:\/\/www.sylvie-progin.ch\/index.php?rest_route=%2Fwp%2Fv2%2Fcomments&post=688"}],"version-history":[{"count":6,"href":"https:\/\/www.sylvie-progin.ch\/index.php?rest_route=\/wp\/v2\/pages\/688\/revisions"}],"predecessor-version":[{"id":720,"href":"https:\/\/www.sylvie-progin.ch\/index.php?rest_route=\/wp\/v2\/pages\/688\/revisions\/720"}],"wp:attachment":[{"href":"https:\/\/www.sylvie-progin.ch\/index.php?rest_route=%2Fwp%2Fv2%2Fmedia&parent=688"}],"curies":[{"name":"wp","href":"https:\/\/api.w.org\/{rel}","templated":true}]}}

Priorités

<style type='text/css' media='all'>#rt-tpg-container-725662328 .rt-holder .rt-woo-info .price{color:#0367bf;}body .rt-tpg-container .rt-tpg-isotope-buttons .selected, 
						#rt-tpg-container-725662328 .layout12 .rt-holder:hover .rt-detail, 
						#rt-tpg-container-725662328 .isotope8 .rt-holder:hover .rt-detail, 
						#rt-tpg-container-725662328 .carousel8 .rt-holder:hover .rt-detail,
				        #rt-tpg-container-725662328 .layout13 .rt-holder .overlay .post-info, 
				        #rt-tpg-container-725662328 .isotope9 .rt-holder .overlay .post-info, 
				        #rt-tpg-container-725662328.rt-tpg-container .layout4 .rt-holder .rt-detail,
				        .rt-modal-725662328 .md-content, 
				        .rt-modal-725662328 .md-content > .rt-md-content-holder .rt-md-content, 
				        .rt-popup-wrap-725662328.rt-popup-wrap .rt-popup-navigation-wrap, 
				        #rt-tpg-container-725662328 .carousel9 .rt-holder .overlay .post-info{background-color:#0367bf;}#rt-tpg-container-725662328 .rt-detail i,
                        #rt-tpg-container-725662328 .rt-detail .post-meta-user a,
                        #rt-tpg-container-725662328 .rt-detail .post-meta-category a{color:#0367bf;}#rt-tpg-container-725662328 .layout5 .rt-holder .overlay, #rt-tpg-container-725662328 .isotope2 .rt-holder .overlay, #rt-tpg-container-725662328 .carousel2 .rt-holder .overlay,#rt-tpg-container-725662328 .layout15 .rt-holder h3, #rt-tpg-container-725662328 .isotope11 .rt-holder h3, #rt-tpg-container-725662328 .carousel11 .rt-holder h3, #rt-tpg-container-725662328 .layout16 .rt-holder h3,
					#rt-tpg-container-725662328 .isotope12 .rt-holder h3, #rt-tpg-container-725662328 .carousel12 .rt-holder h3 {background-color:rgba(3,103,191,0.8);}#rt-tpg-container-725662328 .pagination-list li a,
                #rt-tpg-container-725662328 .pagination li a,
				#rt-tpg-container-725662328 .rt-tpg-isotope-buttons button,
				#rt-tpg-container-725662328 .rt-holder .read-more a,
				#rt-tpg-container-725662328 .rt-tpg-utility .rt-tpg-load-more button, 
				#rt-tpg-container-725662328 .owl-theme .owl-controls .owl-nav > div,
				#rt-tpg-container-725662328 .wc1 .rt-holder .rt-img-holder .overlay .product-more ul li a,
				#rt-tpg-container-725662328 .edd1 .rt-holder .rt-img-holder .overlay .product-more ul li a,
				#rt-tpg-container-725662328 .wc2 .rt-detail .rt-wc-add-to-cart,
				#rt-tpg-container-725662328 .wc3 .rt-detail .rt-wc-add-to-cart,
				#rt-tpg-container-725662328 .edd2 .rt-detail .rt-wc-add-to-cart,
				#rt-tpg-container-725662328 .wc4 .rt-detail .rt-wc-add-to-cart,
				#rt-tpg-container-725662328 .edd3 .rt-detail .rt-wc-add-to-cart,
				#rt-tpg-container-725662328 .wc-carousel2 .rt-detail .rt-wc-add-to-cart,
				#rt-tpg-container-725662328 .wc-isotope2 .rt-detail .rt-wc-add-to-cart,
				#rt-tpg-container-725662328 .rt-tpg-utility .rt-tpg-load-more button,
				#rt-tooltip-725662328, 
				#rt-tpg-container-725662328 .rt-filter-item-wrap.rt-filter-button-wrap span.rt-filter-button-item,
				#rt-tpg-container-725662328 .rt-layout-filter-container .rt-filter-sub-tax.sub-button-group .rt-filter-button-item,
				#rt-tpg-container-725662328 .rt-layout-filter-container .rt-filter-wrap .rt-filter-item-wrap.rt-sort-order-action,
				#rt-tpg-container-725662328 .rt-layout-filter-container .rt-filter-wrap .rt-filter-item-wrap.rt-filter-dropdown-wrap .rt-filter-dropdown .rt-filter-dropdown-item,
				#rt-tpg-container-725662328.rt-tpg-container .rt-pagination-wrap .rt-page-numbers .paginationjs .paginationjs-pages ul li>a,
				#rt-tpg-container-725662328.rt-tpg-container .rt-pagination-wrap .rt-cb-page-prev-next > *,
				#rt-tpg-container-725662328.rt-tpg-container .rt-pagination-wrap  .rt-loadmore-btn,
				#rt-tooltip-725662328 .rt-tooltip-bottom:after{color:#ffffff;}#rt-tpg-container-725662328 .read-more a{border-radius:px;}</style><div class='rt-container-fluid rt-tpg-container ' id='rt-tpg-container-725662328'   data-layout='layout2' data-desktop-col='2'  data-tab-col='2'  data-mobile-col='1' data-sc-id='718'><div data-title='Loading ...' class='rt-row rt-content-loader layout2 tpg-even '><div class="rt-col-md-6 rt-col-sm-6 rt-col-xs-12 rt-equal-height even-grid-item rt-grid-item" data-id="732"><div class="rt-holder"><div class="rt-row"><div class='rt-col-xs-12'><div class='rt-detail'><h3 class='entry-title'><a data-id='732' class='' href='https://www.sylvie-progin.ch/?p=732'>Urgence climatique</a></h3><div class='post-meta-user'><span class='date-meta'><i class='far fa-calendar-alt'></i> 25 mars 2019</span></div><div class='tpg-excerpt'>Je suis socialiste. En premier lieu. Et oui, je suis très inquiète pour notre ecosystème mondial, complexe et interdépendant. Grâce notamment aux jeunes qui ont manifesté dans les rues de nos villes, l’urgence climatique est déclarée, tant mieux, c’était le moment ! Mais pour autant n’oublions pas nos valeurs socialistes : les politiques de protection  ...</div><span class='read-more '><a data-id='732' class='' href='https://www.sylvie-progin.ch/?p=732'>Read More</a></span></div></div></div></div></div><div class="rt-col-md-6 rt-col-sm-6 rt-col-xs-12 rt-equal-height even-grid-item rt-grid-item" data-id="292"><div class="rt-holder"><div class="rt-row"><div class='rt-col-xs-12'><div class='rt-detail'><h3 class='entry-title'><a data-id='292' class='' href='https://www.sylvie-progin.ch/?p=292'>Egalité entre les femmes et les hommes</a></h3><div class='post-meta-user'><span class='date-meta'><i class='far fa-calendar-alt'></i> 7 mars 2017</span></div><div class='tpg-excerpt'>Malgré le consensus qui entoure la question de l&rsquo;égalité entre les femmes et les hommes depuis quelques années, force est de constater que les progrès sont extrêmement lents, voire inexistants dans certains domaines. Plafond de verre, inégalités salariales, travail à temps partiel, représentativité politique, présence dans les médias : tous ces thèmes doivent être inlassablement repris  ...</div><span class='read-more '><a data-id='292' class='' href='https://www.sylvie-progin.ch/?p=292'>Read More</a></span></div></div></div></div></div><div class="rt-col-md-6 rt-col-sm-6 rt-col-xs-12 rt-equal-height even-grid-item rt-grid-item" data-id="177"><div class="rt-holder"><div class="rt-row"><div class='rt-col-xs-12'><div class='rt-detail'><h3 class='entry-title'><a data-id='177' class='' href='https://www.sylvie-progin.ch/?p=177'>Age et société &#8211; perspectives</a></h3><div class='post-meta-user'><span class='date-meta'><i class='far fa-calendar-alt'></i> 25 février 2017</span></div><div class='tpg-excerpt'>Au niveau fédéral on se préoccupe beaucoup du financement des retraites mais encore très peu de l&rsquo;adaptation concrète de la vie de nos seniors. En effet, conséquence de l&rsquo;évolution sociale qu&rsquo;elles ont eu la chance de vivre, les personnes qui arrivent maintenant à la retraite ont des&nbsp;attentes différentes sur leur qualité de vie que la  ...</div><span class='read-more '><a data-id='177' class='' href='https://www.sylvie-progin.ch/?p=177'>Read More</a></span></div></div></div></div></div><div class="rt-col-md-6 rt-col-sm-6 rt-col-xs-12 rt-equal-height even-grid-item rt-grid-item" data-id="265"><div class="rt-holder"><div class="rt-row"><div class='rt-col-xs-12'><div class='rt-detail'><h3 class='entry-title'><a data-id='265' class='' href='https://www.sylvie-progin.ch/?p=265'>Conditions de travail des professionnels du domaine culturel</a></h3><div class='post-meta-user'><span class='date-meta'><i class='far fa-calendar-alt'></i> 15 février 2017</span></div><div class='tpg-excerpt'>Dans notre canton &#8211; contrairement à d&rsquo;autres &#8211; les mesures de formation continue pour les artistes ne sont pas reconnues par les ORP et donc pas financées. Pourtant, il devrait être possible de créer un fonds pour la formation continue, un peu sur le modèle de la Fonpro (Fondation cantonale pour la formation professionnelle) par  ...</div><span class='read-more '><a data-id='265' class='' href='https://www.sylvie-progin.ch/?p=265'>Read More</a></span></div></div></div></div></div></div></div>
